lculate the greatest common factor of d and 90.
10
Let x(f) = -f**3 + 13*f**2 - 14*f + 2. Let u be x(11). Calculate the highest common factor of 36 and u.
18
Suppose -68 = -5*c - 13. Let w be -3 + (c + -2 - 1). Calculate the greatest common divisor of w and 20.
5
Suppose -4*z = -3 - 9. Suppose -z*n - 2*f = -113, f + 73 = 5*n - 98. Calculate the highest common factor of 5 and n.
5
Let c(d) = d**3 + 7*d**2 + 2*d - 7. Let y be c(-5). Suppose 9*m - 4*m - 55 = 0. What is the greatest common factor of y and m?
11
Let u(c) = -13*c - 9. Let f be u(-1). What is the greatest common divisor of f and 4?
4
Suppose 16*h - 15*h - 3 = 0. Calculate the highest common divisor of h and 27.
3
Let m(w) = -w**2 - 7*w - 4. Let h be m(-6). Let v(f) = -2*f - 3 + 6 + 9*f**h - 7 + 2. Let d be v(2). What is the highest common factor of d and 20?
10
Suppose 1 = -g + 2. Let v(p) = p + 8. Let j be v(-6). Calculate the highest common divisor of g and j.
1
Let n be ((-176)/(-32))/(2/28). What is the greatest common factor of n and 7?
7
Let l(h) be the third derivative of -h**4/24 - 4*h**3/3 - 2*h**2. Let i be l(-6). Let x be i/6 + (-64)/(-3). Calculate the highest common divisor of 3 and x.
3
Suppose f - 2*i + i = 143, 4*f + 5*i = 581. Calculate the highest common divisor of f and 18.
18
Suppose 2*m + 32 = 2*f - 22, f - 4*m - 30 = 0. Let x = -18 + f. What is the highest common divisor of x and 40?
8
Let z(x) be the second derivative of -x**5/20 - 13*x**4/12 + 7*x**3/3 + 7*x**2/2 - x. Let s be z(-14). What is the greatest common divisor of s and 63?
7
Let t(m) = m**2 - 2*m + 4. Let w be t(3). Suppose -w = -2*r + 13. What is the greatest common divisor of r and 10?
10
Suppose 0 = 5*c + 2*z - 139, -3*c = -c + z - 56. Let x be -2*(-1)/(6/c). Suppose x*a - 4*a - 495 = 0. Calculate the greatest common factor of 11 and a.
11
Let k(w) = -13*w**2 + w + 2. Suppose 0*b = 2*b - 6. Let g be k(b). Let q be g/(-10) + (-2)/10. What is the highest common factor of q and 77?
11
Let h = -2 - -8. Let v(y) = -y**2 - 2*y + 7. Let t be v(-3). Calculate the highest common factor of t and h.
2
Let u(h) = -h**2 - 12*h - 19. Let v be u(-7). Calculate the highest common divisor of 144 and v.
16
Let n(d) = d**2 + d + 9. Let p be n(0). Let k(i) = 2*i**3 - i - 1. Let l be k(-1). Let y = p + l. Calculate the highest common factor of y and 7.
7
Let s = 239 + -109. Suppose 5*a - s = -0*a. Calculate the greatest common divisor of 65 and a.
13
Suppose -3*h - 2*h = 5*d - 545, -5*d = -5*h + 555. Calculate the highest common factor of h and 10.
10
Let y be 2/(-9) + 16/(-9). Let r(a) = 36*a**2. Let h be r(y). Suppose -x = -4*x + h. Calculate the highest common divisor of x and 12.
12
Let u = 3 - 0. Suppose -31 = -2*s - u. What is the highest common factor of 56 and s?
14
Let c(i) = 11*i + 6. Let j be c(-5). Let o = j - -79. Suppose 4*s - o = s. What is the greatest common factor of s and 30?
10
Suppose 5*n - 159 = 21. What is the highest common factor of 48 and n?
12
Let g(k) = -k**2 + k + 18. Let a be g(0). Calculate the greatest common divisor of a and 198.
18
Suppose 0*n + 2*n - 2*p - 4 = 0, 5*p + 5 = 4*n. Let t(u) = -2*u**2 + 6*u - 1. Let v be t(4). Let y = 19 + v. What is the highest common divisor of y and n?
5
Suppose g - 20 = -3*g. Suppose j + 67 = 3*f - j, g*j = -25. Suppose 0 = -a - 6 + f. Calculate the highest common factor of 91 and a.
13
Let v = 47 - 82. Let o = 86 + v. What is the highest common divisor of o and 34?
17
Let n = 392 - 266. What is the greatest common factor of n and 56?
14
Let t(h) = -h**3 - 5*h**2 + 5*h - 1. Let a be t(-6). Let d be (4 - -9) + 4/(-2). Suppose -3*p + d = 5. Calculate the greatest common factor of a and p.
1
Let o be (-7)/((-21)/81) + 5. What is the greatest common factor of o and 80?
16
Suppose -196 - 80 = -6*t. Let i be 412/6 + 1/3. What is the greatest common divisor of t and i?
23
Let t(i) = 8*i - i**3 - 3*i**2 - 4*i + 3 + 1 + i**2. Let n be t(-3). Calculate the greatest common divisor of 11 and n.
1
Let x(s) = -2*s**3 + 4*s**2 - s + 1. Let q be x(3). Let h be 3/12 - 117/4. Let f = q - h. Calculate the greatest common divisor of f and 3.
3
Let t(n) = -23*n - 5. Let q(w) = 22*w + 5. Let g(z) = 2*q(z) + 3*t(z). Let y be g(-4). Suppose y = 5*d + 15. What is the highest common factor of 24 and d?
8
Let y be 2*(-1 + (2 - -1))/2. What is the greatest common factor of y and 8?
2
Suppose 2*n - 19 = -5*v + 19, n - 20 = -3*v. Calculate the highest common divisor of n and 322.
14
Let i(h) = -6*h + 37. Let m be i(5). Calculate the greatest common factor of m and 49.
7
Let h = -5 - -12. What is the greatest common divisor of 35 and h?
7
Suppose 5*g + 3*s + s + 5 = 0, -3*g = 2*s + 3. Let x = g + 13. Suppose -2*w + 2*c + 62 = w, -10 = -2*c. What is the greatest common divisor of w and x?
12
Let m = 50 + 16. Suppose -4*x = c + 17, 13 = -4*c - 2*x + 1. Let d(o) = -7*o - 1. Let h be d(c). What is the greatest common divisor of h and m?
6
Let o be (7 + -9)*46/4. Let q = 12 - o. What is the greatest common factor of q and 7?
7
Suppose 16 - 6 = 5*u. Suppose 3*d - 1132 = -u*g - 2*g, 0 = -5*d - 20. Calculate the greatest common factor of 26 and g.
26
Suppose -7 = 5*q + 3, 3*l - 70 = -q. Calculate the highest common divisor of 168 and l.
24
Let f = 6 - 5. What is the highest common divisor of f and 3?
1
Let o(j) = 5*j**3 + 3*j**2 - 4. Let z(w) = -11*w**3 - 5*w**2 + 7. Let l(m) = 5*o(m) + 3*z(m). Let u be l(-1). What is the highest common divisor of 81 and u?
9
Suppose 189 = 19*k - 10*k. What is the greatest common factor of k and 21?
21
Let q be 6/(-9)*2*-9. Suppose -f + 5*c + 12 = -5, 0 = 3*f + c + 13. Let l be ((-1)/2)/(f/288). Calculate the greatest common divisor of l and q.
12
Let y(k) = k**2 + 6*k + 7. Let t be y(-7). Calculate the highest common factor of 154 and t.
14
Let y be (-3 - -8)*6/10. Suppose 0 = -y*a + 4*a - 30. Let g = 12 + -6. What is the highest common factor of a and g?
6
Let t = -21 + 28. Calculate the greatest common factor of t and 56.
7
Let d(l) = -l**3 - 16*l**2 - 15*l + 21. Let i be d(-15). What is the highest common factor of i and 14?
7
Let k(b) be the second derivative of -2*b**3/3 - 5*b**2 + 4*b. Let n be k(-9). Calculate the highest common divisor of n and 65.
13
Let q = 203 + -131. Let n(y) = 2*y + 3. Let m be n(3). Calculate the highest common divisor of m and q.
9
Let j(r) = 7*r - 5. Let l be j(4). What is the greatest common factor of 46 and l?
23
Let w = 10 - 8. Suppose -2*k - d + 79 = 23, 0 = -2*k - w*d + 60. Calculate the greatest common divisor of 39 and k.
13
Suppose 0 = -2*d + 4*j - 4, 4*d + 32 = 3*j - j. Let n be (-300)/(-18)*(-12)/d. Calculate the greatest common factor of n and 160.
20
Let u(d) = d**2 + 0 + 0*d**2 - 2 + d. Let w be u(4). Suppose -4*p = 4*o - 28, -o + 3*p = -9 - w. Calculate the greatest common divisor of o and 6.
6
Let y = -13 + 25. Suppose 139 = 4*k + 19. Calculate the highest common divisor of k and y.
6
Let f be 206/3 - 8/(-6). Calculate the highest common divisor of f and 28.
14
Suppose 10 = 5*r + 5*w, -r = 6*w - 2*w + 1. Suppose 2*y + r = 5*y. Calculate the greatest common divisor of y and 1.
1
Let g(q) = 3*q + 13. Let k(s) = -2*s - 12. Let a(n) = -3*g(n) - 4*k(n). Let f be a(0). Calculate the greatest common factor of 27 and f.
9
Let i(z) = -z - 9. Let k be i(6). Let h be (k + 8)*108/(-14). What is the highest common divisor of 6 and h?
6
Suppose 1 + 11 = 3*m. Suppose m*k - 6 = 14. Suppose -70 = -10*i + k*i. What is the highest common divisor of 126 and i?
14
Suppose 8 = 2*a - 4*a. Let j be (-1985)/(-10) - (-2)/a. What is the highest common divisor of 18 and j?
18
Let r be ((-6)/(-3))/(2/4). Let c be ((-6)/r)/((-1)/14). Let p = -27 + 34. What is the highest common divisor of c and p?
7
Suppose 228 = 4*f - 2*w, -4*f + 0*w + 236 = -4*w. What is the highest common divisor of f and 15?
5
Let d(z) = z**3 + 15*z**2 + 14*z + 3. Let y be d(-14). Calculate the greatest common factor of y and 3.
3
Suppose -5*b + 0*b + 5 = 0. What is the greatest common factor of 11 and b?
1
Let n be 0/(-1) + (7 - 4). Let q be -1*(2634/n)/(-2). Suppose 103 = -3*u + q. Calculate the highest common factor of 16 and u.
16
Suppose 2*p + 1 = 49. Let c = 6 - 4. Suppose c - 5 = -d. What is the highest common divisor of p and d?
3
Suppose 0*h - 3*h - 3*j